inder when q is divided by 5.
1
Let o(n) = -2*n + 15. Let l be o(8). What is the remainder when 33 is divided by l*(-2 + -11 - 4)?
16
Suppose -3*z + 115 = 5*w - 0*w, -3*z + 99 = -3*w. Calculate the remainder when 173 is divided by z.
33
Let g(l) = 5*l**2 + 34*l - 12. What is the remainder when g(-8) is divided by 19?
17
Suppose -52*v = -47*v - 1270. Calculate the remainder when v is divided by 16.
14
Suppose -4*f = -10 - 222. Calculate the remainder when 97 is divided by f.
39
Let y(g) = -2*g**2 + 21*g + 7. Let f be y(9). Let t = f + 0. Calculate the remainder when 203 is divided by t.
33
Let m = -8 - -10. Let s be (8/3)/((-4)/(-12)). Suppose -5*z + 4*c + 21 = 0, 0 = z + 3*c - s - 0. What is the remainder when z is divided by m?
1
Let f = 44 + -77. Let u = 41 + f. What is the remainder when 19 is divided by u?
3
Let o = -4 - -9. Let s be ((-16)/10)/((-2)/o). Suppose s*b = 3*z + 57, 7*b + 4*z - 110 = 2*b. Calculate the remainder when 70 is divided by b.
16
Suppose -4*o + 5*n = -408, 2*n = 2*o - 0*n - 206. Let s = -13 - -31. What is the remainder when o is divided by s?
17
Let s = 75 + -42. What is the remainder when s is divided by (-6634)/(-372) - ((-2)/12 - 0)?
15
Let f = 27 - 15. Let j = 108 + -90. What is the remainder when j is divided by f?
6
Suppose -2*o = -3*j - 0*o - 392, 2*o = 2*j + 264. Calculate the remainder when 20 is divided by (6/(-4))/((-1128)/j - 9).
4
What is the remainder when 249 is divided by 224/18 - 72/162?
9
Suppose 11*a = 727 + 32. What is the remainder when 272 is divided by a?
65
Suppose 0 = -146*l + 134*l + 72. Let b(v) = -56*v**3 + 1. What is the remainder when b(-1) is divided by l?
3
Let c = 164 - 148. Suppose 97 = h + c. What is the remainder when h is divided by 12?
9
Let x(b) = 16*b**2 - 1. Let c(m) = -m**3 - 39*m**2 + 28*m - 455. Calculate the remainder when c(-40) is divided by x(1).
10
Let a(k) = 2*k**2 + 70*k + 94. Let f = -38 + 62. Calculate the remainder when a(-36) is divided by f.
22
Let h(f) = 119*f**2 - 229*f**2 + 2*f - 3*f + 1 + 130*f**2. What is the remainder when h(1) is divided by 11?
9
Suppose 4*m = 5*u + 4 - 231, 0 = -3*u - m + 126. Suppose -6*x + u = -47. Calculate the remainder when 43 is divided by x.
13
Suppose 5*w = 5, 4*w = 5*v - 3*v + 66. Let k = v + 19. Calculate the remainder when 23 is divided by 3*(-56)/k + -1.
10
Let r = -34 - -82. What is the remainder when r is divided by (25/3)/(700/840)?
8
Let y(l) = -11*l**2 - 77*l - 3. Let n be y(-7). Let c(p) = 0*p**2 + 3*p + 4 - 2*p**2 - 1 - p**3. Calculate the remainder when c(n) is divided by 1.
0
Let p(v) = 2*v**2 + 7*v + 6. Suppose -9*h = 7 + 2. Calculate the remainder when 1 is divided by p(h).
0
Let o(j) = -j. Let w be o(-2). Suppose 31*a + w = 29*a. Calculate the remainder when (a + -29)*(-20)/25 is divided by 13.
11
Suppose 0*f = 5*f - 35. Let t(d) = 2*d - 10. Let h be t(f). Suppose -3*g + 147 = -h*s, 4*g + 2*s - 196 = -3*s. Calculate the remainder when g is divided by 13.
10
Suppose -8*q + 56 = -32. Calculate the remainder when 96 is divided by q.
8
Calculate the remainder when 103 is divided by 60 - (-3 - -4 - -5).
49
Suppose 5*m = -t + 18, 5*t - 30 = -3*m + 16. Let x = 35 + 11. What is the remainder when x is divided by t?
6
Suppose -32*v + 42451 = 5523. Calculate the remainder when v is divided by 11.
10
Let f(i) = 6*i + 0*i**3 + 0*i**2 - 5 + 10*i**2 - 2*i**3 + 2*i**2. Calculate the remainder when f(6) is divided by 7.
3
What is the remainder when 47 is divided by (592/(-12)*3)/(-4)?
10
Let h(c) = -188*c + 1. Calculate the remainder when h(-1) is divided by (0 - -48)*12/24.
21
Let l = -374 + 374. Let k(s) be the first derivative of s**4/4 + 2*s**3/3 - s**2/2 + 18*s + 1. What is the remainder when k(l) is divided by 13?
5
Suppose -5*o + 680 + 148 = 2*r, 4*o - 3*r - 644 = 0. What is the remainder when o is divided by 21?
17
Let g be 1*(-1112)/(-20) - 4/(-10). Let x = g - 39. What is the remainder when 49 is divided by x?
15
Let l = 139 + -135. What is the remainder when l is divided by 1?
0
Let y = -441 + 446. Let b be 2/(-5) - (-74)/10. Let w = b + y. Calculate the remainder when 33 is divided by w.
9
Let v(l) = -35*l - 7. Let f be v(-2). Suppose -z - 4*z + 5*c = -275, z + c - f = 0. What is the remainder when z is divided by 10?
9
Let b = 764 + -754. Calculate the remainder when 34 is divided by b.
4
Suppose -5*l = -5*a + 42 - 192, 3*l - 66 = -5*a. Suppose -3*p - 2*p + 20 = 0. Calculate the remainder when l is divided by p.
3
Suppose 5*x + 9*x = 700. What is the remainder when x is divided by 3?
2
Let n be 2917/11 + 4/(-22)*1. Let m = n + -141. What is the remainder when m is divided by 33?
25
Suppose l - 20 = -2*k, -l + 24 = 2*k + 2*l. Suppose -18 = k*g - 10*g. What is the remainder when g is divided by 3?
0
Suppose 5*l = 9 + 31. Suppose 3*a - 5*a + 4 = 0. Calculate the remainder when ((-33)/a)/(12/(-16)) is divided by l.
6
Let y(n) be the first derivative of -n**4/4 - n**3/3 - 3*n**2/2 - n + 4. Calculate the remainder when 77 is divided by y(-3).
25
Suppose 0*o + 2*y = o - 19, 2*o - 41 = 3*y. Suppose 42*l - 1406 = 23*l. Calculate the remainder when l is divided by o.
24
Suppose -2*v + 2*g = -3*v + 15, 4*v - 10 = 2*g. Suppose v*q - 21 = 9. Suppose z - 6 = -y + q, z + 4*y = 21. Calculate the remainder when z is divided by 4.
1
Suppose -s + 0*h + 117 = 3*h, -4*h - 254 = -2*s. What is the remainder when s/2*2/3 is divided by 14?
13
Suppose -501 = -17*i + 2338. Calculate the remainder when i is divided by 27.
5
Let u = 14 - -28. Suppose -531 = 17*b - 8*b. Let k = -48 - b. What is the remainder when u is divided by k?
9
Let r(l) = -l**2 + 3*l + 2. Let m be r(3). Suppose m*k + 42 = 3*t - 2*t, k = -2*t + 89. Suppose -2*p + 9*p = 84. What is the remainder when t is divided by p?
8
Let k(g) = -g**2 - 1. Let q(y) = -9*y**2 - 21*y + 3. Let u(x) = 6*k(x) - q(x). What is the remainder when u(-10) is divided by 14?
11
Suppose 24*q - 524 - 316 = 0. What is the remainder when 151 is divided by q?
11
Suppose 0 = 2*x + 3*x - 120. Suppose -3*l = -5*l + x. What is the remainder when l is divided by 4?
0
Let i(m) = 79*m + 3. Suppose w = -5, 3*w + 1 = -4*d - 6. Calculate the remainder when i(d) is divided by 41.
38
Suppose -4*q + 113 + 3 = 0. Calculate the remainder when 70 is divided by q.
12
Let g = -842 - -869. What is the remainder when 49 is divided by g?
22
Suppose -227*a + y = -231*a + 5360, -4*y - 4039 = -3*a. What is the remainder when a is divided by 11?
10
Let h = 48 + -21. Suppose -u = -47 + 34. Let d = h - u. What is the remainder when 39 is divided by d?
11
What is the remainder when 351 is divided by 1668/96 - (-3)/(-8)?
11
Let i = 6 + -4. Suppose -4 = i*o - 10. What is the remainder when 12 is divided by o?
0
Suppose 5*f = -11 + 1. Let l = -3 - -5. Calculate the remainder when ((-21)/6)/(1/f) is divided by l.
1
Let h(z) = -15*z**2 - 33 - 20*z**2 + 9*z - 15*z**2 + 52*z**2. What is the remainder when h(-10) is divided by 26?
25
Suppose -3*q - 4 = -2*q. Let l be 2/(1/14*q). Let y = l - -11. Calculate the remainder when 15 is divided by y.
3
Let b(v) be the third derivative of 83*v**5/30 + v**4/8 + v**3/3 - 3*v**2. Let f be b(-1). Let a = f + -60. What is the remainder when a is divided by 36?
33
Suppose 3*v + 201 = 3*q, 4*q - 5*v + 86 = 358. Calculate the remainder when q is divided by 29.
5
Suppose -19 = -4*o + 5. What is the remainder when 9 is divided by o?
3
Let v = -8 + 18. Let b = -92 + 203. Let a = b + -64. Calculate the remainder when a is divided by v.
7
Suppose 0 = -w + 4*x - 16, 0 = -4*w - 5*x - 0*x - 1. Let g be ((-96)/(-28))/(w/(-14)). Let t = g + 2. What is the remainder when 26 is divided by t?
12
Suppose -86 = -7*x - 16. Suppose 0 = -4*o + 5*n + 81, -2*o - 2 = 4*n - x. What is the remainder when 208 is divided by o?
12
Let l(w) = -w**3 - 13*w**2 - 22*w + 4. Let q be l(-11). Suppose -4*j = q*j - 288. Let b = 44 - 25. What is the remainder when j is divided by b?
17
Let x(k) = -k**2 - k + 1. Let j(h) = -h**3 + 13*h**2 - 6. Let z(i) = -j(i) - 3*x(i). What is the remainder when z(10) is divided by 12?
9
Calculate the remainder when 11946/55 + 8/(-40) is divided by 73.
71
Let b(y) = -y**3 - 14*y**2 - 14*y + 16. Calculate the remainder when b(-14) is divided by 72.
68
Suppose -2942 = -25*b + 4033. What is the remainder whe